 are the prime factors of g?
131
Let c be (3660/4)/3 + 9/3. Let m = c + -149. List the prime factors of m.
3, 53
Let l(p) = 2*p - 3. Let j be l(3). Suppose 105 = -j*x - 0*x - y, 2*y = -6. Let b = x + 54. List the prime factors of b.
2, 5
Let v = 28 + -25. Suppose -p + v*p - 96 = 0. Suppose -2*d + d + p = 0. List the prime factors of d.
2, 3
Suppose 10*g - 6*g = -72. Let x be 13/6 - (-3)/g. Suppose l = -x*l + 3*p + 96, -128 = -4*l + 3*p. What are the prime factors of l?
2
Let g = -6 - 7. Let b = -13 - g. Suppose 4*t + 5*i + b = -1, -3*t - i + 13 = 0. List the prime factors of t.
2, 3
Suppose -2*i + h = 24, 48 = -i - i - 5*h. Let q(v) = v**2 + 13*v - 12. Let g be q(i). Suppose -25 = -g*z + z. List the prime factors of z.
5
Suppose -h + 5 = -0*h. Let i = 25 - h. Suppose -4*k = 2*z, z + i = -4*z. List the prime factors of k.
2
Suppose 0 = 3*m + 3*i - 1254 - 318, 4*m + i = 2093. What are the prime factors of m?
523
Suppose 3*f = -2*k + 964, 0 = -f - 4*f - 2*k + 1604. What are the prime factors of f?
2, 5
Let l be 3 + (-2)/2 - 0. Suppose -z = -3*w + 199, w - l*w + 73 = -2*z. What are the prime factors of w?
5, 13
Suppose -3*b - d + 285 = 0, b = 5*b - d - 387. Let u = b - 30. What are the prime factors of u?
2, 3, 11
Let l(c) = 108*c - 69. List the prime factors of l(5).
3, 157
Suppose -3*u = -2 - 10. Suppose -2*z = u*s - 4*z - 4, -4*s + 4*z = -8. Suppose 3*g - 2*g - 20 = s. List the prime factors of g.
2, 5
Suppose 3*b - 205 = -4*y, -2*b = -4*y + 109 + 121. List the prime factors of y.
5, 11
Let i = 35 - 31. Suppose t - 12 = -r, 0 = -r + i. What are the prime factors of t?
2
Let r = -23 - -40. Let y = r - 7. Suppose -2*g = -y, -4*s + g = -2*g - 73. List the prime factors of s.
2, 11
Let k(w) be the first derivative of -7*w**2/2 + 4*w - 2. Let h be 4 - ((-24)/(-3) - -3). What are the prime factors of k(h)?
53
Suppose 6*i - i = 40. Let p be 42/24 + 2/i. Suppose 4*l = -p*b - l - 14, -8 = 2*l. List the prime factors of b.
3
Let g(w) = w**3 + 3*w**2 + 2*w - 4. Let f be g(-3). Let v(c) = c**3 + 10*c**2 - 12*c + 18. List the prime factors of v(f).
2, 3, 23
Suppose 5*j = 10*j. Suppose 3*s + 0*s - 12 = j. Suppose -3*q - 2*q = -g - 21, 5*q - s*g - 24 = 0. List the prime factors of q.
2
Suppose l = -2*l + 6. Let u be -6*(-4)/8 + (6 - 5). Let p = u - l. What are the prime factors of p?
2
Suppose -m - 12 + 47 = 0. Suppose 0 = -3*k + 2*f + 6, 5*k + 2*f - 5 + 11 = 0. Suppose -r - 10 = -c + 2*r, k = -2*c + r + m. List the prime factors of c.
19
Suppose 4*v - 9 = 5*c, -5*c + 11*v - 13*v = 3. Let b = 8 - 0. List the prime factors of c/(-2) + 100/b.
13
Suppose -4*d - 2 = 2, v - 5*d = 7. Let s(z) = -6*z + 1. Let p be s(v). List the prime factors of (-4)/(-22) - 427/p.
3, 13
List the prime factors of 24/9*(-1 + (-6258)/(-12)).
2, 347
Let y = 97 + -88. Suppose -14*z + 170 = -y*z. List the prime factors of z.
2, 17
Let x = 3192 - 2132. List the prime factors of x.
2, 5, 53
Let g(z) = 12*z - 5 + 11*z - 28*z. What are the prime factors of g(-11)?
2, 5
Suppose 0*l - 25 = 5*l. Let m(j) = j**3 + 4*j**2 - 8*j - 5. List the prime factors of m(l).
2, 5
List the prime factors of ((-132)/(-44))/(1/((-202)/(-3))).
2, 101
Suppose 3*c + 4*h = 2054, 2132 + 613 = 4*c - h. What are the prime factors of c?
2, 7
What are the prime factors of ((-6)/57 - 0) + (-3164550)/(-950)?
3331
Let a be 4*(75/(-12))/(-5). Suppose s = a*s - 12. List the prime factors of s.
3
Let x = 27 - 18. What are the prime factors of (192/x + 4)*(5 - 2)?
2, 19
Suppose -4*t + 1249 = k, 3*k = 4*t - 1628 + 5439. What are the prime factors of k?
5, 11, 23
Let g(s) = -s**3 - 7*s**2 + 5*s + 7. Let u be g(-8). Suppose 35*l - 64 = u*l. List the prime factors of l.
2
Let v = 4 - 10. Let q be (v/9*6)/(-1). Let z = 30 - q. What are the prime factors of z?
2, 13
Let v(k) = 4*k**2 - 11*k - 6. Let c be (5/(4 - -11))/(3/63). What are the prime factors of v(c)?
113
Let o be ((-366)/24)/(1/(-4)). Let t = -29 + o. What are the prime factors of t?
2
Let y be (-8)/6 - 472/(-3). Suppose -12*r - y = -8*r. What are the prime factors of (r/2)/((-9)/24)?
2, 13
Suppose 4*f + 4*g + g - 38 = 0, -4*g = -8. Suppose -14*b + 1043 = -f*b. List the prime factors of b.
149
Suppose 5*l + 5*i - 217 = 188, 5*l = -4*i + 404. Suppose 15 = 2*y + y. Suppose -2*p + 45 = -y*g, 2*p = 5*p - 5*g - l. List the prime factors of p.
5, 7
Let v(q) = -2*q**3 - 6*q**2 + 3*q - 9. Let z be v(-5). Suppose -5*s - z = -536. List the prime factors of s.
2, 23
Let g be -3 - (3 + -3) - -5. Let w(c) = 6*c**3 - c**2 + 2. List the prime factors of w(g).
2, 23
Let q = 0 - -2. Let o be q/(-2) + (7 - -13). Suppose -x + o = 3. What are the prime factors of x?
2
Suppose 0 = q - 2*q + 25. Suppose 3*g + 5*v + 10 = 5*g, 5*g + 2*v - q = 0. Suppose -68 = -x - x - 4*u, -4*u + 188 = g*x. List the prime factors of x.
2, 5
Suppose -14*r = 41176 - 125288. List the prime factors of r.
2, 751
Let i be ((-3)/4 + 2)/(2/8). Suppose 3*o + i*n = 27 + 34, 5*o - 108 = -2*n. List the prime factors of o.
2, 11
Suppose 7*u = 923 + 6658. What are the prime factors of u?
3, 19
Let x(b) = 0*b - 131 + 127 - 2*b + 12*b**2. List the prime factors of x(2).
2, 5
Let q = -167 + 571. List the prime factors of q.
2, 101
Let k(u) = 5*u**3 - 6*u**2 + 5*u + 15. Let l(h) = -14*h**3 + 19*h**2 - 16*h - 45. Let a(c) = 17*k(c) + 6*l(c). What are the prime factors of a(-6)?
3, 89
Let b(n) = -n**3 - n**2 - n + 1. Let u be b(1). Let c be (8/6)/(u/9). List the prime factors of ((-45)/c)/(6/20).
5
Let v = -1143 - -1652. List the prime factors of v.
509
Suppose 3*y - 49 = 320. What are the prime factors of y?
3, 41
What are the prime factors of (3/(-4))/((-105)/147280)?
2, 263
Let s(m) = 3*m**2 + 45*m - 6. List the prime factors of s(-20).
2, 3, 7
Suppose 11244 = -10*x + 7*x. List the prime factors of x/(-18) + 28/(-126).
2, 13
Suppose -15*j + 78*j = 35784. List the prime factors of j.
2, 71
Let w(l) = 3*l**2 - 9*l + 33. Let c(u) = -u**2 - 1. Let t(o) = -4*c(o) - w(o). What are the prime factors of t(-12)?
7
Let o(g) = g**3 + 2*g**2 - 3*g + 1. Let u(f) = -f**3 + 3*f**2 + 3*f + 6. Let i be u(4). What are the prime factors of o(i)?
11
Suppose p = 5*s - 5318, s - 1057 = 3*p - 5*p. List the prime factors of s.
1063
What are the prime factors of (36/(-10) + 4)/(12/8430)?
281
Suppose 2*f = 5*b - 17 - 8, 0 = 5*b + 5*f - 60. Let h be (0 + 2)/((-4)/(-6)). Suppose h*p - b*p + 156 = 0. List the prime factors of p.
3, 13
Suppose 2*h = -f + 4*f + 676, -5*h - 3*f = -1732. What are the prime factors of h?
2, 43
Suppose -21 = -5*k + 2*y - 0*y, 6 = k - y. Let q(v) = 2*v - 5. Let j be q(7). Let m = j - k. What are the prime factors of m?
2, 3
Let i = 98 + -92. Suppose i*t = -4*t + 370. List the prime factors of t.
37
Let l(j) = -2 - 3 - 25 + 29*j - 9. What are the prime factors of l(4)?
7, 11
Let c be 1*(-3 - -4)*4. Suppose -c*u - 94 = -6*u. What are the prime factors of u?
47
Suppose -25*t + 4 = -23*t. Suppose t*z + 5*k - 20 = -0*z, 3*z - k - 47 = 0. List the prime factors of z.
3, 5
Suppose -3*p + 424 = 4*g, 3*g + 2*p - 68 = 250. Suppose 2*x - 116 = -2*a, 2*a - 118 = -4*x + g. List the prime factors of x.
2, 3
Let j(v) = -63*v + 96. List the prime factors of j(-6).
2, 3, 79
Let g = 4 - -7. Let c be (-1)/(-3) + (-392)/(-21). Suppose k - g = c. List the prime factors of k.
2, 3, 5
Let a be (-2)/(-5) - (-6152)/20. Let q = a - 183. List the prime factors of q.
5
Let n(g) = 8*g**2 - g - 7. What are the prime factors of n(-6)?
7, 41
Let f be 60 + (-1 + 2)*0. Suppose -2*p - f + 24 = 0. List the prime factors of p*4/8*-1.
3
Suppose 4*p - 8 = -0*p. Suppose 121 = 3*h - p. What are the prime factors of h?
41
Suppose -v = 3*b + 63, -b + 5*b + 2*v + 84 = 0. Let j be -5 + 60 - (-1 - 0). Let i = b + j. What are the prime factors of i?
5, 7
Let s(x) = 53*x**2 + x + 3. Let c be s(-1). Suppose c = 3*z + 22. What are the prime factors of z?
11
Let u = 4210 + -1648. What are the prime factors of u?
2, 3, 7, 61
Let a(f) = f**3 + 6*f**2 + 5*f + 2. Let o(l) = l**2 - l. Let n be o(0). Let q = n - 5. What are the prime factors of a(q)?
2
Let l(k) = -k**2 + 6*k - 5 - 11*k - 4*k. Let b be l(-5). What are the prime factors of (-290)/b*(-6 - -3)?
2, 29
Let i(g) be the second derivative of 48*g**3 - g**2 + 13*g. What are the prime factors of i(1)?
2, 11, 13
Let r = -133 -